reatest common factor of 1191 and 3349886.
397
Calculate the highest common factor of 8166 and 90.
6
What is the greatest common divisor of 426897 and 10269?
1467
What is the highest common divisor of 1601131 and 14?
7
Calculate the highest common factor of 408632 and 112.
56
Calculate the greatest common divisor of 89076 and 312.
156
Calculate the highest common factor of 1185 and 85.
5
Calculate the greatest common factor of 1035 and 329820.
345
What is the greatest common factor of 384 and 575616?
384
Calculate the highest common divisor of 593 and 1312309.
593
Calculate the greatest common divisor of 68305 and 285.
95
What is the highest common divisor of 308890 and 920?
230
What is the greatest common factor of 1690 and 850?
10
What is the greatest common factor of 503556 and 1740?
348
Calculate the highest common divisor of 417 and 4992463.
139
What is the greatest common factor of 71428 and 812?
28
What is the greatest common factor of 512314 and 803?
803
What is the highest common divisor of 3 and 18339?
3
What is the highest common factor of 64 and 1201472?
64
Calculate the greatest common factor of 12 and 88266.
6
What is the highest common divisor of 25000 and 1424?
8
What is the greatest common divisor of 290655 and 135?
135
Calculate the greatest common divisor of 7998 and 186276.
258
What is the highest common divisor of 3720 and 15965?
155
Calculate the greatest common factor of 22018 and 2616.
218
What is the greatest common factor of 1133943 and 9?
3
Calculate the greatest common divisor of 62101 and 562.
281
What is the highest common factor of 1024 and 550?
2
Calculate the highest common factor of 107464 and 133.
133
What is the greatest common factor of 1066 and 1375673?
533
What is the highest common factor of 43 and 4171?
43
Calculate the highest common factor of 217200 and 1320.
120
What is the highest common divisor of 39 and 24895?
13
What is the highest common divisor of 674 and 6?
2
What is the greatest common divisor of 10 and 294870?
10
What is the greatest common factor of 7190 and 1760?
10
Calculate the highest common divisor of 528 and 2381478.
66
What is the greatest common factor of 57694 and 2912?
182
Calculate the highest common factor of 1008 and 121646.
14
Calculate the greatest common divisor of 19573 and 249343.
851
Calculate the greatest common factor of 7627 and 261.
29
What is the highest common factor of 40480 and 9504?
352
Calculate the greatest common divisor of 9152214 and 1374.
1374
Calculate the greatest common factor of 12878 and 61924.
274
Calculate the greatest common divisor of 2575500 and 850.
850
What is the greatest common divisor of 186 and 249674?
62
What is the highest common divisor of 184 and 5221?
23
What is the highest common divisor of 403 and 118690?
13
What is the highest common factor of 93 and 155341?
31
Calculate the highest common divisor of 40 and 168220.
20
What is the greatest common divisor of 48706 and 3550?
142
What is the greatest common factor of 13 and 785161?
13
What is the greatest common factor of 1866 and 7356?
6
What is the highest common divisor of 3092096 and 64?
64
Calculate the highest common factor of 752 and 11374.
94
Calculate the greatest common divisor of 3500 and 5264.
28
Calculate the highest common factor of 215619 and 123.
123
Calculate the highest common factor of 196405 and 242.
11
What is the greatest common divisor of 4830 and 10122?
42
What is the highest common divisor of 241281 and 34?
17
Calculate the highest common factor of 22095 and 186089.
491
What is the highest common factor of 2618762 and 670?
134
Calculate the greatest common divisor of 695 and 889183.
139
Calculate the greatest common divisor of 3311 and 1393.
7
Calculate the greatest common factor of 16430 and 44414.
106
Calculate the greatest common divisor of 1779 and 727018.
593
What is the greatest common factor of 583933 and 238?
119
What is the highest common divisor of 53105 and 645?
215
What is the highest common divisor of 378756 and 108?
108
Calculate the greatest common factor of 2016 and 406.
14
Calculate the greatest common divisor of 11888351 and 122.
61
What is the highest common factor of 3732 and 984?
12
Calculate the highest common divisor of 7868 and 77.
7
What is the greatest common factor of 8560 and 1720?
40
Calculate the highest common divisor of 149472 and 160.
32
Calculate the greatest common factor of 7030 and 1045.
95
Calculate the highest common factor of 3451 and 59381.
119
Calculate the greatest common factor of 8365078 and 142.
142
Calculate the greatest common factor of 267 and 197224.
89
Calculate the highest common factor of 44010 and 155.
5
What is the greatest common factor of 485 and 3680?
5
Calculate the greatest common divisor of 1725 and 47150.
575
Calculate the greatest common factor of 356325 and 425.
25
What is the highest common factor of 140613 and 33?
33
What is the greatest common factor of 6804099 and 3?
3
Calculate the highest common divisor of 143825 and 700.
25
Calculate the greatest common divisor of 352 and 189552.
176
What is the greatest common divisor of 395 and 1435825?
395
Calculate the greatest common divisor of 7347 and 744.
93
What is the greatest common factor of 2 and 747298?
2
What is the greatest common divisor of 460 and 93748?
92
What is the greatest common divisor of 1704112 and 32?
16
What is the greatest common factor of 9216 and 33984?
576
Calculate the highest common divisor of 5838 and 3486.
42
What is the highest common divisor of 970734 and 614?
614
Calculate the greatest common factor of 122956 and 472.
236
Calculate the greatest common divisor of 207 and 132802.
23
What is the greatest common factor of 1664 and 2119?
13
What is the highest common divisor of 22880 and 1503840?
2080
Calculate the greatest common divisor of 18750 and 8940.
30
Calculate the greatest common factor of 6365 and 10720.
335
What is the highest common divisor of 920346 and 2856?
714
Calculate the greatest common factor of 133 and 109459.
133
Calculate the highest common divisor of 2430 and 5265.
405
What is the greatest common factor of 10752 and 483?
21
Calculate the highest common divisor of 75 and 30025.
25
What is the highest common factor of 855 and 3528585?
855
What is the greatest common factor of 61984 and 149?
149
Calculate the highest common factor of 21 and 417.
3
Calculate the highest common factor of 63 and 23877.
63
What is the greatest common factor of 1 and 65295?
1
Calculate the highest common divisor of 21750 and 24882.
174
What is the highest common factor of 16059 and 3333?
303
What is the greatest common factor of 44 and 204842?
22
Calculate the greatest common divisor of 616 and 2369752.
616
What is the greatest common factor of 800 and 3400?
200
Calculate the highest common divisor of 15946 and 1292.
34
Calculate the highest common factor of 257034 and 12.
6
What is the highest common divisor of 52943 and 11?
11
What is the greatest common divisor of 973 and 4011?
7
What is the highest common divisor of 11748878 and 41?
41
Calculate the greatest common factor of 114333 and 1449.
69
What is the greatest common divisor of 54 and 57483?
27
Calculate the greatest common factor of 64377 and 23.
23
What is the highest common divisor of 322 and 11998?
14
What is the highest common divisor of 1242 and 9361?
23
What is the highest common factor of 13 and 93529?
1
Calculate the highest common divisor of 406 and 10498.
58
Calculate the highest common divisor of 46 and 256979.
23
What is the greatest common divisor of 132 and 86372?
44
Calculate the greatest common divisor of 56433 and 117.
39
What is the greatest common factor of 3808 and 17816?
136
What is the greatest common factor of 3264 and 13224?
24
Calculate the highest common divisor of 123324 and 59082.
258
Calculate the greatest common divisor of 1920 and 7800.
120
What is the greatest common factor of 5437627 and 26?
13
What is the highest common divisor of 9084 and 20652?
12
Calculate the highest common divisor of 450 and 15900.
150
What is the greatest common divisor of 235676 and 304?
76
Calculate the greatest common divisor of 885 and 26727.
177
What is the greatest common divisor of 1152957 and 1989?
663
What is the highest common divisor of 142920 